*2/2 - a. What is k(j)?
-1
Let j(x) = 9*x - 5. Let z(t) = 8*t - 4. Let v(q) = 4*j(q) - 5*z(q). Let c be (2/(-3) + 1)*3. Calculate v(c).
-4
Let b(t) be the third derivative of -t**6/20 + t**5/30 + t**4/24 - 4*t**2. Let o(c) = -c + 5. Let z = -3 + 9. Let s be o(z). Give b(s).
7
Let v(n) = n + 1. Let l(q) = q - 5. Let x be l(8). Suppose -t - g + 3 = -x, 5*g - 15 = -2*t. Calculate v(t).
6
Let d(k) = -2*k + 2. Suppose -8*z - 5 = -29. Determine d(z).
-4
Let b(d) = -156*d**3 - 152*d**3 - d + 5 + 307*d**3 + 5*d**2. Let j = 6 - 15. Let l = -4 - j. Give b(l).
0
Let c(f) = 3*f + 5. Let n = -157 - -155. Determine c(n).
-1
Let p(b) be the first derivative of b**4/24 + 5*b**3/3 + b**2 - 1. Let y(i) be the second derivative of p(i). What is y(0)?
10
Let x = 0 - -3. Let s(k) = -4*k - 2 - 1 + 0*k - x*k**2 + k**3 - k. Determine s(4).
-7
Let v(j) = 3. Let z(g) = g - 10. Let f(l) = 8*v(l) + 3*z(l). Let c be 6 - (4/2 - 0). Give f(c).
6
Let m(y) = 7*y + 0*y**2 + 7*y**2 - 165*y**3 + 166*y**3. What is m(-6)?
-6
Let f(k) = 0*k**3 - 6*k - 5*k**2 - k**3 + 2*k. Let j = 293 - 296. Give f(j).
-6
Let k(c) = -c**2 + 8*c - 7. Let r be k(7). Let j(n) = 3*n**2 - n - 10. Let d(y) = -2*y**2 + y + 9. Let t(a) = -4*d(a) - 3*j(a). Give t(r).
-6
Suppose -4*w = w - 10. Suppose 2*c - 4*u + 2*u + 8 = 0, w*c + u = 4. Let r(s) = -s**3 - s**2 - s + 1. Calculate r(c).
1
Suppose 2*v - v = -7. Let l be (-16)/v + (-16)/56. Let f(m) = m**3 - 3*m**l + m**2 + 4*m**2 - 6*m**2. Give f(4).
0
Let r(z) = -9*z + 1. Let q = 15 - 14. Give r(q).
-8
Let w(o) be the first derivative of o**4/4 + 5*o**3/3 - 7*o**2/2 - 8*o - 3. Determine w(-6).
-2
Let s be ((-4)/5)/((-4)/10). Let z(c) = -4 + 3*c + c**s - 4*c - c. Let n(d) = d**2 - d + 4. Let y be n(0). What is z(y)?
4
Let l(b) = 2*b**2 - b. Let t(s) = s**2 + s + 1. Let u(j) = -j**3 + 5*j**2 + j - 2. Let m be u(5). Let z = 3 - m. Let a be t(z). Calculate l(a).
1
Let b(a) = a + 2. Suppose -2*s + 4*i - 4 = 0, 0*s - 3*i + 28 = -4*s. Let m = -10 - s. What is b(m)?
2
Let f(q) = -q**3 - 5*q**2 - 4*q - 2. Suppose -k - 2*k - i = 1, 2*k + 2*i = -6. Let y = -3 - k. Determine f(y).
-2
Let c(a) = -4*a**3 + 2*a**2 - 6*a - 3. Let v(x) = 5*x**3 - 2*x**2 + 6*x + 3. Let d(k) = -6*c(k) - 5*v(k). Give d(-4).
11
Let w(i) = i**2 - 16*i - 7. Let n be w(17). Let u(b) = -b**2 + 10*b + 5. Calculate u(n).
5
Let p(y) be the third derivative of 0*y + 1/24*y**4 + 0 - 7*y**2 + y**3. What is p(-6)?
0
Let r(h) = -h**3 - 3*h**2 + 4*h + 6. Let p(f) = -7*f + 17. Let j be p(3). Give r(j).
6
Let i(v) = v**2 + 2*v + 2. Let h = 48 + -50. Determine i(h).
2
Let t(w) = -w + 1. Let k(s) = 3*s - 4. Let v(l) = -k(l) - 4*t(l). Calculate v(1).
1
Let a(k) be the third derivative of 1/240*k**6 + 0*k + 0 - 3*k**2 - 1/120*k**5 + 0*k**3 + 1/24*k**4. Let i(r) be the second derivative of a(r). What is i(1)?
2
Let o(v) = v**3 + 3*v**2 - 7 + 3 + 2*v**2 + 3*v. Let t(r) = r + 2. Let k be t(-5). Determine o(k).
5
Let x = -10 + 15. Suppose -3*b = -4*n + 15, 4*n + x*b - 7 + 0 = 0. Let s(y) be the first derivative of y**3/3 - 2*y - 1. Determine s(n).
7
Let f(v) = 5*v + 1. Suppose 7*i = 8*i - 3. Give f(i).
16
Let j(d) = -d**3 + 4*d**2 + 3*d + 1. Let v(b) be the second derivative of -b**4/12 + b**3 + 5*b**2/2 - b. Let t be v(5). Let a be (t/(-2))/((-1)/1). Give j(a).
-9
Let l be ((-4)/3)/(4/18). Let x(o) be the first derivative of 1/3*o**3 + 2 + 3*o**2 - 5*o. Determine x(l).
-5
Let b = -11 - -11. Suppose b = 3*a - 4*d - 5, -5*a = d - 0*d + 7. Let q(c) = 3*c - 7. Let s(z) = -5*z + 11. Let x(f) = -8*q(f) - 5*s(f). Calculate x(a).
0
Let o(z) be the third derivative of -z**8/20160 + z**7/630 - 7*z**6/720 - z**5/15 - 4*z**2. Let m(x) be the third derivative of o(x). Give m(6).
5
Let m(d) be the second derivative of d**5/20 - 5*d**4/12 - d**3/6 - 3*d**2/2 - 9*d. Determine m(4).
-23
Let j(t) = t - 9. Let m(c) = c + 5. Let n be m(-3). Let w be 8/(-4) + 12/n. Calculate j(w).
-5
Let r(v) = 3*v**2 - v + 2. Let w(l) = -6*l**2 + 2*l - 3. Let s(z) = 5*r(z) + 3*w(z). Calculate s(2).
-9
Let o(y) be the first derivative of -y**3/3 - 3*y**2/2 + y - 28. What is o(-5)?
-9
Let m = 11 - 8. Suppose -2*w + 2 = -2*q, -w = -m*w - 4. Let c(r) = r**2 + 3*r - 4. Give c(q).
-4
Suppose -g - 2 = -3*j + g, 3*g - 15 = 0. Suppose -11 + 3 = -j*n. Let m(f) = -2*f + 5 - f**n + 3 - 3. Give m(-4).
-3
Let t(j) be the third derivative of j**4/24 + j**3/3 - j**2 + 2. Calculate t(-2).
0
Let i be 2 - 1 - (-1)/1. Let k(d) = d**3 + 12*d - 2 - 9*d - 3*d**2 - 3*d**2 + 5*d**i. Determine k(2).
8
Let o(l) = l - 4. Suppose -14*c = -15*c + 3. What is o(c)?
-1
Let f(t) = t**2 + 7*t + 1. Let m be 20/8*(3 + -5). Determine f(m).
-9
Let c(j) = -2*j - 3. Let t(y) = 8*y - 2 + 4*y - 25*y + 12*y. Let g(d) = -4*c(d) + 7*t(d). What is g(5)?
3
Let p(m) = 2*m**2 - 3*m. Let t be (0 - 8/12)*3. Let s be 2/(-6)*(t + -4). Determine p(s).
2
Let d(w) = w**2 + 3*w - 4. Let m = 8 + -6. Let g be m/((-6)/(-15)*-1). Give d(g).
6
Let a(m) be the third derivative of -7*m**5/60 - m**4/24 - 3*m**2. Let r(j) = j + 4. Suppose 0 = 2*f - 0*f + 10. Let h be r(f). Determine a(h).
-6
Let h(k) = -3*k**2 + k + 3. Let v(j) = -j**3 - 6*j**2 + 7. Let b be v(-6). Let c(t) = b + 3 - 3 + t - 7*t**2. Let g(m) = -2*c(m) + 5*h(m). What is g(4)?
-3
Let n(w) = -w**2 + 5*w - 4. Let x = 69 - 27. Suppose 3*b + x = 6*b. Suppose -5*k - 4*s = -31, 2*k + 2*s = -0*s + b. Determine n(k).
2
Let y(f) = f**3 + 4*f**2 - 6*f - 1. Let p be 7 + 292/(-24) + 2/12. What is y(p)?
4
Let m(b) be the first derivative of 1/2*b**2 - 2*b - 4 + 1/3*b**3. Let z(q) = -q - 1. Let j be z(3). Determine m(j).
10
Let k = 0 + 1. Let c = -1 + k. Let g(o) = c + 1 - 2 + 2*o**2. Give g(2).
7
Suppose 0 = -2*r + 6 + 38. Suppose 0 = -w + 5*d - 4, -3*w = -d + r - 10. Let l(k) = 0*k**2 - 2 - 3*k + k**2 - 2*k**2. Give l(w).
-6
Let t(a) = a**3 + 6*a**2 + 2*a + 5. Suppose -3*x - 6 = -4*f + 8, -2*f = 5*x + 32. Give t(x).
-7
Let z be 24/(-20)*10/(-4). Let b(q) = -z*q**3 + 5*q**3 - 4*q**2 + 1 - q**3 + 4. Let s(f) = f**2 + 3*f. Let k be s(-4). What is b(k)?
5
Let n(l) = -5*l**3 + 10*l**2 - l + 6. Let c(x) = x**3 - x**2. Let w(t) = 6*c(t) + n(t). Calculate w(-5).
-14
Let p be (3/(-4))/(54/(-144)). Let z(k) = -7*k**2 + 2*k - 2. Let u(s) = s**2. Let b(w) = 6*u(w) + z(w). Give b(p).
-2
Let x(t) be the third derivative of t**4/6 - 2*t**3/3 - 46*t**2. Give x(-4).
-20
Let w(n) = n**2 + 10. Suppose -2*l - 10 = 5*m, 2*m + 1 = 2*l - 3. Suppose -5*o - 10 = -l*o. Let x be 1/(-1) + (-1 - o). Give w(x).
10
Let d(j) be the third derivative of j**5/60 + j**4/4 + j**3 + j**2. Let f be d(-5). Let s(h) = -h. Let t(r) = -9*r + 1. Let w(n) = 2*s(n) - t(n). Give w(f).
6
Let n(u) = 2*u**3 - 1. Let o(s) = -s**3 + s**2 - s + 1. Let i(z) = -n(z) - 4*o(z). Give i(2).
5
Let o(g) = -g**3 - 8*g**2 + 3*g + 8. Let u(b) = -6*b**3 - 41*b**2 + 14*b + 41. Let k(c) = -11*o(c) + 2*u(c). Calculate k(5).
-6
Let f(i) = 17 - 5*i - 17 + 2*i. What is f(1)?
-3
Let y = -37 - -43. Let b be 3 + (-2 + 3)/1. Let d(f) = -5*f - 3*f**2 + b*f**2 + 0*f - 3. What is d(y)?
3
Let o(t) = 5*t**2 + 6*t - 3. Suppose 3*v = 4*k - 0 + 20, 22 = 4*v - 3*k. Let p(b) = 4*b**2 + 6*b - 2. Let h(w) = v*p(w) - 3*o(w). Give h(-4).
-7
Let p(o) = -o**3 + 3*o**2 - 1. Let g(u) = -u**2 - 1. Let a be g(-1). Let w(h) = -6*h**3 - 1 + 16*h**2 + 0 - h - 5. Let y(c) = a*w(c) + 11*p(c). What is y(-1)?
-1
Let h(p) = -3*p**2 + 0*p + 2 + 6*p**2 + 3*p. Give h(-2).
8
Let r(u) be the second derivative of -u**4/12 + u**3/3 - 2*u**2 - u. Let b(v) = -3*v**3 - v - 1. Let z be b(-1). Determine r(z).
-7
Let j(y) be the third derivative of y**6/120 - y**5/60 - 4*y**2. What is j(1)?
0
Let s(x) = x**2 - 6*x - 11. Let t be s(8). Let o(r) = -3*r**2 + r**3 - 6*r**2 - 2*r + 6 + 4*r**2. Determine o(t).
-4
Let g(w) = -w**3 + 4. Let d = 0 + -1. Let o be 0*(-1 - d/2). Calculate g(o).
4
Let q(l) be the third derivative of 1/24*l**4 + 7*l**2 + 0*l - 1/2*l**3 + 0. What is q(0)?
-3
Suppose 5*o + 5*n + 15 = 0, -o + 4*n - 3 + 5 = 0. Let k be ((-3)/o)/(-3)*-12. Let x be 14/k + (-1)/3. Let s(a) = a**3 - 2*a**2 - 2*a + 2. Determine s(x).
-2
Let u(t) = -t**2 + 6*t - 1. Suppose -42 = -b - 38. Determine u(b).
7
Let n be (-4)/22 + 46/11. Suppose 5*i = -15, -5*o - n*i + 2*i = 16. Let w(l) be the second derivative of -l**4/4 - l**3/3 + l**2 - l. Give w(o).
-6
Let i be 45/(-36)*-4*1. Let s(v)